s digit of h?
9
Let y be -38 - -40 - 56/(-2). What is the hundreds digit of (-4)/y + (-2120875)/(-1875)?
1
Let b be 1/(1/58)*4/8. Suppose b*o - 34*o + 20 = 0. Suppose 0*v + o*v - 200 = 0. What is the tens digit of v?
5
Let b(v) = v**3 + 9*v**2 - 2*v + 9. Let a be b(-7). Suppose 23 = f - a. Suppose -4*q = 8 - f. What is the tens digit of q?
3
What is the thousands digit of 6/57 + (625288/19 - -10)?
2
Suppose 0 = -3*f + 6*f - 1107. Suppose -4*g = 6*j - 7*j - 6160, -3*g - 4*j + 4601 = 0. Suppose f + g = 9*x. What is the units digit of x?
2
What is the units digit of (-30696 - -5)*(-75 - -74)?
1
Let x(v) = 562*v**2 - 243*v + 2510. What is the thousands digit of x(10)?
6
Let s be (31 - 21/(-3)) + 6. What is the units digit of ((-2)/11 + (-20452)/s)*-1?
5
Suppose 92095 = 46*g - 120425. What is the thousands digit of g?
4
Suppose -28*k - 145087 = -1376060 + 138133. What is the hundreds digit of k?
0
Suppose 44 = 12*r + 464. What is the hundreds digit of (-13010)/r + (-4)/(-14)?
3
Suppose 0 = 5*k - 30, -306*h + 305*h - 2*k = -6472. What is the units digit of h?
0
Suppose -2*y - 3*y = -11*k - 73869, 2*k + 8 = 0. What is the thousands digit of y?
4
Suppose l - 24340 = -3*y + 6666, 0 = -y - 2*l + 10337. Suppose 3310 = -25*f + y. What is the units digit of f?
1
Suppose -28639 = -28*v - 0*v + 323993. What is the thousands digit of v?
2
Let v(p) = 8*p**2 - 3*p - 1. Let l be (5/(-15))/((-1)/27). Suppose 3*d = l*d + 12. What is the tens digit of v(d)?
3
Suppose -3*u - 226*g + 223*g + 44331 = 0, -4*u - 5*g = -59110. What is the thousands digit of u?
4
Let s(n) = -82*n - 205. Suppose -12*d + 186 - 354 = 0. What is the tens digit of s(d)?
4
Let f = -102 + 107. Suppose -4*i + 1671 = 2*k - 3865, 0 = 4*i - f*k - 5564. Suppose -6*b + i = 498. What is the hundreds digit of b?
1
Suppose 9*b - 23538 = 951. What is the thousands digit of b?
2
Let o(z) = z**3 - 16*z**2 + 9*z + 40. Let p be o(20). Let b = p - 1215. What is the tens digit of b?
0
Let c = 237 + 316. Suppose 4*p - c = 5*l - 93, 3*l = 4*p - 460. What is the units digit of p?
5
Let g(h) = 518*h + 29. Let c be g(5). Suppose 4*q - 9*q = 3*p - c, -3*p + 531 = q. What is the units digit of q?
2
Suppose 2*f - 224 = -134 + 156. Let r(k) = 60*k**2 + 3*k + 2. Let c be r(-2). Let n = c - f. What is the units digit of n?
3
Suppose -56963 = -17*d - 9091. What is the units digit of d?
6
Let s be ((-13)/2 + 2)*4/(-9). Suppose 277 + 81 = s*u. What is the units digit of u?
9
Suppose 4*f = 2*f + 4. Suppose -5*k - 16 = -2*w, -3*w = -f*k - 2 - 11. Suppose -i + 12 = w*i. What is the units digit of i?
3
Let v(k) = -k**3 - 10*k**2 - 13*k - 8. Let o be v(-9). Suppose -o*n + 33*n = 1800. Suppose 0*p - 5*p = -n. What is the tens digit of p?
7
Let y(d) = -30*d - 5. Let m = 79 + -76. Suppose -g - 3 = m*r, 0*r + 5*r - 5 = 0. What is the hundreds digit of y(g)?
1
Suppose -77*j - 97009 = -952864. What is the thousands digit of j?
1
Let u be 3/(-24) + 635/(-40). What is the tens digit of 108/u*(9 - 13)?
2
Let o = -116 + 1414. What is the units digit of o?
8
Let i(f) be the third derivative of -2/15*f**5 + 0 + 0*f - 1/6*f**3 - 1/120*f**6 - 3/8*f**4 + 22*f**2. What is the units digit of i(-8)?
1
Suppose -5*q = -4*g - 23, 5*q = 4*g - 2*g + 19. What is the hundreds digit of 304 + (q - -22)/5?
3
Suppose -182167 = -135*s + 342713. What is the tens digit of s?
8
Let j(c) = 3*c. Let z(w) = 24*w. Let s(y) = 33*j(y) - 4*z(y). Let m be s(1). What is the hundreds digit of m/(1 - (-132)/(-135))?
1
Suppose 2*w - 12125 - 21725 = 0. Suppose 9569 + w = 13*g. What is the hundreds digit of g?
0
Suppose 181*p - 4*k + 11015 = 182*p, 0 = -p - 5*k + 11011. What is the tens digit of p?
3
Let f be 1 + -4 - ((12 - 10) + -8). What is the units digit of 30/12*(f/(-1) + 93)?
5
Let o = 1324 + -778. Suppose -33*u + 35*u - 192 = 0. Suppose 0 = -6*j - u + o. What is the tens digit of j?
7
Let y(n) = -n**3 - 54*n**2 + 73*n - 220. What is the units digit of y(-57)?
6
Let j be 28/(-63)*2/(4/(-9)). Suppose b + 5*u = -3*b + 2569, j*b + 4*u = 1292. Suppose -4*w + 3*r + 517 = -2*r, 0 = 5*w + 4*r - b. What is the units digit of w?
8
Let j be ((-36)/(-1))/6 - -2264. Suppose 25*a = 20*a + j. What is the units digit of a?
4
Suppose -5*x - 19*f + 45651 = -21*f, 18264 = 2*x - 2*f. What is the thousands digit of x?
9
What is the hundreds digit of (1104/(-720) - (-21)/15) + 217024/30?
2
Let f(t) = t**3 - 24*t**2 + 20*t + 13. Let g be f(16). Let h = g - -3047. What is the units digit of h?
2
Let f = 2655 - 1548. What is the units digit of (f/18)/(15/200)?
0
What is the thousands digit of 9 - ((-10)/(-4))/(6/(-106896))?
4
Let c(a) = 136*a**2 - 5*a - 90. What is the hundreds digit of c(-8)?
6
Let k be 51/(-21) - -2 - (-72)/21. What is the tens digit of (-15)/k + (4 - 5) - -192?
8
Let l(z) = -51*z**2 - z + 28. Let j(p) = -17*p**2 - p + 9. Let v(f) = 8*j(f) - 3*l(f). What is the tens digit of v(-4)?
8
Let o(l) = -6257*l**3 - 5*l**2 - 10*l - 10. What is the tens digit of o(-1)?
5
Let x be -2 + 0 + (-736)/(-32). Suppose 0 = x*u - 5*u - 1232. What is the tens digit of u?
7
Let p = -89 + 92. Suppose p*v - 3*o = 21, v + 5*o - o + 8 = 0. What is the units digit of -77*(6 - v - (4 - 1))?
7
Suppose -3*g - j = -4*g + 679, 5*g - 3367 = -2*j. Suppose 5*p = -g + 6505. What is the thousands digit of p?
1
Let y = 22 - 20. Let v(i) = 2*i - y*i - 18 - 3*i - 4*i. What is the units digit of v(-12)?
6
Let h be 2/(-3) - (-5)/3*1. Let a(m) = 12*m**2 - m. Let q be a(h). Suppose -q*c = -0*c - 671. What is the units digit of c?
1
Let y = -106 + 71. Let j(f) = f + 202. What is the units digit of j(y)?
7
Let w = -277 + 280. Suppose -5*x - 770 = -i - 90, 0 = -4*i - w*x + 2766. What is the hundreds digit of i?
6
Let s(w) = w**2 - 32*w + 212. Let j be s(9). Suppose 4*a = 2*k - 836 - 140, -j*a = -4*k + 1943. What is the tens digit of k?
8
Let l be (7/7)/(1/23). Suppose v - l = 94. Let o = -16 + v. What is the units digit of o?
1
Suppose -5*d + 3*d + 3349 = -5*f, -5*d = -2*f - 8425. What is the tens digit of 1/(-5) - -1*d/35?
4
Let n be (2/12)/((-1)/(-6)). Let p(r) = -8*r**2 + 3*r - 1. Let y be p(n). What is the hundreds digit of ((-129)/y)/((-5)/(-30))?
1
Let l be (-1)/(-3) + -48*96/54. Suppose -2*o + 178 = -304. Let t = o + l. What is the hundreds digit of t?
1
Suppose 0 = -11*c + 10*c. Suppose 8 = -c*v + 4*v, 5*v - 10 = -4*r. Suppose 10*z - 14*z + 128 = r. What is the tens digit of z?
3
What is the units digit of ((-39)/(-11) - 3) + (-48188184)/(-1452)?
8
Let q = -61173 - -107458. What is the thousands digit of q?
6
Let b(f) = 69*f - 3. Let d be b(35). What is the units digit of d/12 - (-28)/4?
8
Let q = -470 - -1034. Let w = -316 + q. Suppose -17*d = -15*d - w. What is the tens digit of d?
2
Let x be -5 - 6*(9/(-2) - -4). What is the hundreds digit of (-10634)/(-78) + x/(-3)?
1
What is the units digit of 118967/4 - (2139/(-92) + 23)?
2
Suppose 2*f - 3*k - 12444 = 0, -5406 - 7048 = -2*f - 2*k. What is the tens digit of f?
2
Let b be (-310)/50*5*-1*1. Suppose -2*i + 8 = -2*t + 3*t, -5*t + b = i. What is the units digit of ((2/t)/1)/((-5)/(-45))?
3
Let a(j) = 22 - j + 28 + 2*j. Let d(c) = -12*c - 72. Let u be d(-6). What is the units digit of a(u)?
0
Let d(l) = -l**2 - 10*l - 9. Let w = -55 - -52. Let j be ((-6)/w)/(6/(-21)). What is the tens digit of d(j)?
1
What is the thousands digit of 4/26 + ((-5204892)/7007)/(2/(-7))?
2
Let a = 261 + -257. Suppose 4 = a*p, 4*g - p = -236 + 983. What is the tens digit of g?
8
Let u be 6/(-12)*(1 - -53). Let p be 16/(-2)*u/4. Suppose 0 = -3*s + 3*w + p, 3*s - 37 = 5*w + 23. What is the tens digit of s?
1
What is the tens digit of (-750)/(110/(-11))*(-1096)/(-6)?
0
Let j(o) be the first derivative of 341*o**4/4 - 53. What is the tens digit of j(1)?
4
Let s be -54*(1 - (-2 + (-3486)/(-18))). Suppose 0 = -12*t + 6*t + s. What is the thousands digit of t?
1
What is the units digit of ((-14240)/(-534))/(2/(-735)*-1)?
0
Suppose 4*c + 188 = 236. Let a be 1/4 - (3 - 33/c). What is the units digit of 4 + (-1 - a - -71) + -2?
2
Let d be (-117)/(6*(-2)/(-144)). What is the tens digit of (18/(-4))/(26/d)?
4
Let o = 2745 + 185. What is the tens digit of o?
3
Let f be (-14)/(2*-1) - (36 + -32). What is the hundreds digit of (80 - (-8 + f))*4?
3
Let c(v) = -3*v**3 - 22*v**2 - 486*v + 80. What 